{"id":1794,"date":"2022-03-07T04:47:41","date_gmt":"2022-03-07T10:47:41","guid":{"rendered":"https:\/\/escuelamarista.edu.gt\/home\/?page_id=1794"},"modified":"2022-09-08T07:00:04","modified_gmt":"2022-09-08T13:00:04","slug":"filosofia","status":"publish","type":"page","link":"https:\/\/escuelamarista.edu.gt\/home\/quienes-somos\/filosofia\/","title":{"rendered":"Filosof\u00eda"},"content":{"rendered":"\t\t<div data-elementor-type=\"wp-page\" data-elementor-id=\"1794\" class=\"elementor elementor-1794\" data-elementor-post-type=\"page\">\n\t\t\t\t\t\t<section class=\"elementor-section elementor-top-section elementor-element elementor-element-de6e01b elementor-section-full_width elementor-section-height-default elementor-section-height-default\" data-id=\"de6e01b\" data-element_type=\"section\" data-e-type=\"section\" data-settings=\"{&quot;background_background&quot;:&quot;classic&quot;}\">\n\t\t\t\t\t\t<div class=\"elementor-container elementor-column-gap-no\">\n\t\t\t\t\t<div class=\"elementor-column elementor-col-100 elementor-top-column elementor-element elementor-element-20aecf7\" data-id=\"20aecf7\" data-element_type=\"column\" data-e-type=\"column\">\n\t\t\t<div class=\"elementor-widget-wrap elementor-element-populated\">\n\t\t\t\t\t\t<section class=\"elementor-section elementor-inner-section elementor-element elementor-element-04b85df elementor-section-boxed elementor-section-height-default elementor-section-height-default elementor-invisible\" data-id=\"04b85df\" data-element_type=\"section\" data-e-type=\"section\" data-settings=\"{&quot;motion_fx_motion_fx_scrolling&quot;:&quot;yes&quot;,&quot;animation&quot;:&quot;slideInRight&quot;,&quot;motion_fx_devices&quot;:[&quot;desktop&quot;,&quot;tablet&quot;,&quot;mobile&quot;]}\">\n\t\t\t\t\t\t<div class=\"elementor-container elementor-column-gap-default\">\n\t\t\t\t\t<div class=\"elementor-column elementor-col-100 elementor-inner-column elementor-element elementor-element-a432ff0\" data-id=\"a432ff0\" data-element_type=\"column\" data-e-type=\"column\">\n\t\t\t<div class=\"elementor-widget-wrap elementor-element-populated\">\n\t\t\t\t\t\t<div class=\"elementor-element elementor-element-e922189 elementor-widget__width-initial elementor-widget-mobile__width-initial elementor-widget elementor-widget-image\" data-id=\"e922189\" data-element_type=\"widget\" data-e-type=\"widget\" data-widget_type=\"image.default\">\n\t\t\t\t<div class=\"elementor-widget-container\">\n\t\t\t\t\t\t\t\t\t\t\t\t\t\t\t<img decoding=\"async\" width=\"13\" height=\"40\" src=\"https:\/\/escuelamarista.edu.gt\/home\/wp-content\/uploads\/2021\/08\/section.png\" class=\"attachment-full size-full wp-image-86\" alt=\"\" \/>\t\t\t\t\t\t\t\t\t\t\t\t\t\t\t<\/div>\n\t\t\t\t<\/div>\n\t\t\t\t<div class=\"elementor-element elementor-element-b0ad1ff elementor-widget__width-auto elementor-widget elementor-widget-heading\" data-id=\"b0ad1ff\" data-element_type=\"widget\" data-e-type=\"widget\" data-widget_type=\"heading.default\">\n\t\t\t\t<div class=\"elementor-widget-container\">\n\t\t\t\t\t<h2 class=\"elementor-heading-title elementor-size-default\">FILOSOF\u00cdA<\/h2>\t\t\t\t<\/div>\n\t\t\t\t<\/div>\n\t\t\t\t\t<\/div>\n\t\t<\/div>\n\t\t\t\t\t<\/div>\n\t\t<\/section>\n\t\t\t\t\t<\/div>\n\t\t<\/div>\n\t\t\t\t\t<\/div>\n\t\t<\/section>\n\t\t\t\t<section class=\"elementor-section elementor-top-section elementor-element elementor-element-19c942e elementor-section-full_width elementor-section-height-default elementor-section-height-default\" data-id=\"19c942e\" data-element_type=\"section\" data-e-type=\"section\">\n\t\t\t\t\t\t<div class=\"elementor-container elementor-column-gap-no\">\n\t\t\t\t\t<div class=\"elementor-column elementor-col-100 elementor-top-column elementor-element elementor-element-5158cb7\" data-id=\"5158cb7\" data-element_type=\"column\" data-e-type=\"column\">\n\t\t\t<div class=\"elementor-widget-wrap elementor-element-populated\">\n\t\t\t\t\t\t<div class=\"elementor-element elementor-element-8bc2258 elementor-widget elementor-widget-image\" data-id=\"8bc2258\" data-element_type=\"widget\" data-e-type=\"widget\" data-widget_type=\"image.default\">\n\t\t\t\t<div class=\"elementor-widget-container\">\n\t\t\t\t\t\t\t\t\t\t\t\t\t\t\t\t<a href=\"https:\/\/www.google.com\/\">\n\t\t\t\t\t\t\t<img fetchpriority=\"high\" decoding=\"async\" width=\"1979\" height=\"790\" src=\"https:\/\/escuelamarista.edu.gt\/home\/wp-content\/uploads\/2022\/07\/banner02.jpg\" class=\"attachment-full size-full wp-image-2616\" alt=\"\" srcset=\"https:\/\/escuelamarista.edu.gt\/home\/wp-content\/uploads\/2022\/07\/banner02.jpg 1979w, https:\/\/escuelamarista.edu.gt\/home\/wp-content\/uploads\/2022\/07\/banner02-300x120.jpg 300w, https:\/\/escuelamarista.edu.gt\/home\/wp-content\/uploads\/2022\/07\/banner02-1024x409.jpg 1024w, https:\/\/escuelamarista.edu.gt\/home\/wp-content\/uploads\/2022\/07\/banner02-768x307.jpg 768w, https:\/\/escuelamarista.edu.gt\/home\/wp-content\/uploads\/2022\/07\/banner02-1536x613.jpg 1536w\" sizes=\"(max-width: 1979px) 100vw, 1979px\" \/>\t\t\t\t\t\t\t\t<\/a>\n\t\t\t\t\t\t\t\t\t\t\t\t\t\t\t<\/div>\n\t\t\t\t<\/div>\n\t\t\t\t\t<\/div>\n\t\t<\/div>\n\t\t\t\t\t<\/div>\n\t\t<\/section>\n\t\t\t\t<section class=\"elementor-section elementor-top-section elementor-element elementor-element-2c0141d elementor-section-boxed elementor-section-height-default elementor-section-height-default\" data-id=\"2c0141d\" data-element_type=\"section\" data-e-type=\"section\">\n\t\t\t\t\t\t<div class=\"elementor-container elementor-column-gap-default\">\n\t\t\t\t\t<div class=\"elementor-column elementor-col-100 elementor-top-column elementor-element elementor-element-d6b50f8\" data-id=\"d6b50f8\" data-element_type=\"column\" data-e-type=\"column\">\n\t\t\t<div class=\"elementor-widget-wrap elementor-element-populated\">\n\t\t\t\t\t\t<div class=\"elementor-element elementor-element-848084f elementor-widget elementor-widget-text-editor\" data-id=\"848084f\" data-element_type=\"widget\" data-e-type=\"widget\" data-widget_type=\"text-editor.default\">\n\t\t\t\t<div class=\"elementor-widget-container\">\n\t\t\t\t\t\t\t\t\t<h4>El estilo educativo marista se fundamenta en una visi\u00f3n verdaderamente integral de la educaci\u00f3n, que busca conscientemente formar valores y evangelizar al estilo de Mar\u00eda. Utilizamos una metodolog\u00eda pedag\u00f3gica peculiar que Marcelino Champagnat y los primeros Maristas iniciaron y que era innovadora en muchos aspectos. Todo parte del pensamiento de Champagnat de que \u00abpara educar bien a los ni\u00f1os hay que amarlos, y amarlos a todos por igual\u00bb. Seg\u00fan este principio, las caracter\u00edsticas particulares del estilo educativo marista son: presencia, sencillez, esp\u00edritu de familia, amor al trabajo y seguir el modelo de Mar\u00eda. La adopci\u00f3n de estas actitudes y valores es la forma propia de vivir el Evangelio. Es la suma de estas cualidades y su interacci\u00f3n lo que da a la metodolog\u00eda marista su originalidad, inspirado por el Esp\u00edritu.<\/h4>\n<h4>La Escuela Marista educa, sobre todo, haci\u00e9ndose presente entre los ni\u00f1os, ni\u00f1as y j\u00f3venes, preocup\u00e1ndose y atendiendo la realidad de cada uno. Se compromete con el mundo de los j\u00f3venes saliendo a buscarlos en sus propios ambientes y a trav\u00e9s de su propia cultura juvenil. Esta presencia en espacios institucionales no significa una vigilancia obsesiva ni un \u00abdejar hacer\u00bb negligente. Por el contrario, es una presencia que ayuda a los j\u00f3venes a trav\u00e9s del consejo y la atenci\u00f3n prudente.\n\nNuestro compromiso es estar m\u00e1s presentes entre los ni\u00f1os y j\u00f3venes marginados que se encuentran en situaci\u00f3n de \u00abfrontera\u00bb de nuestras sociedades.\n\n<span style=\"color: #000080;\">Respondemos a las llamadas urgentes que nos vienen de los j\u00f3venes en situaci\u00f3n de riesgo<\/span>\n\n<span style=\"color: #000080;\">Mar\u00eda es el modelo perfecto para el educador marista, como lo fue para Marcelino. Mar\u00eda, mujer laica, primera disc\u00edpula de Jes\u00fas, orienta nuestro camino en la fe. El aspecto mariano de la espiritualidad marista se manifiesta, ante todo, en el deseo de imitar sus actitudes para con los dem\u00e1s y con Dios.<\/span>\n\n<span style=\"color: #000080;\">\u00a0<\/span>\t\t\t\t\t\t\t\t<\/div>\n\t\t\t\t<\/div>\n\t\t\t\t\t<\/div>\n\t\t<\/div>\n\t\t\t\t\t<\/div>\n\t\t<\/section>\n\t\t\t\t<section class=\"elementor-section elementor-top-section elementor-element elementor-element-0d05b6e elementor-section-boxed elementor-section-height-default elementor-section-height-default\" data-id=\"0d05b6e\" data-element_type=\"section\" data-e-type=\"section\">\n\t\t\t\t\t\t<div class=\"elementor-container elementor-column-gap-default\">\n\t\t\t\t\t<div class=\"elementor-column elementor-col-100 elementor-top-column elementor-element elementor-element-cb899f8\" data-id=\"cb899f8\" data-element_type=\"column\" data-e-type=\"column\">\n\t\t\t<div class=\"elementor-widget-wrap elementor-element-populated\">\n\t\t\t\t\t\t<div class=\"elementor-element elementor-element-cae3c4f elementor-widget elementor-widget-text-editor\" data-id=\"cae3c4f\" data-element_type=\"widget\" data-e-type=\"widget\" data-widget_type=\"text-editor.default\">\n\t\t\t\t<div class=\"elementor-widget-container\">\n\t\t\t\t\t\t\t\t\t<h4>Valores Maristas<\/h4><p>Los rasgos que caracterizan nuestra filosof\u00eda y espiritualidad son:<\/p><p><strong>Pedagog\u00eda de la presencia\u00a0<\/strong><\/p><p>La educaci\u00f3n se debe dar a trav\u00e9s de la presencia con el alumno, manifestando la preocupaci\u00f3n por \u00e9l, tratando de tener un mayor acercamiento a su entorno a trav\u00e9s de la creaci\u00f3n de espacios donde el joven pueda desenvolverse en su tiempo de ocio, deporte y cultura. Dicha presencia facilita la prevenci\u00f3n de conductas desordenadas y ayuda a los j\u00f3venes a trav\u00e9s del consejo y la atenci\u00f3n prudente del profesor a un crecimiento arm\u00f3nico. En esta presencia, el educador se dirige al alumno de manera respetuosa con lo que se logra que el educando se sienta acogido y en confianza con lo que propicia un acercamiento.<\/p><p><strong>Valor de la Sencillez<\/strong><\/p><p><span style=\"color: var( --e-global-color-858d374 ); font-family: var( --e-global-typography-dcafdbc-font-family ), Sans-serif; font-size: var( --e-global-typography-dcafdbc-font-size ); font-weight: var( --e-global-typography-dcafdbc-font-weight ); letter-spacing: var( --e-global-typography-dcafdbc-letter-spacing ); word-spacing: var( --e-global-typography-dcafdbc-word-spacing );\">El trato con el educando deber\u00e1 de mostrar una relaci\u00f3n sencilla, aut\u00e9ntica y directa a trav\u00e9s de coherencia y honestidad entre las palabras y los hechos. A esta sencillez se le a\u00f1ade humildad y modestia. Hay una preferencia por la sencillez del m\u00e9todo, a trav\u00e9s de una educaci\u00f3n personalizada, pr\u00e1ctica y realista, as\u00ed mismo, la sencillez se observa en la expresi\u00f3n evitando las vanaglorias por parte del educador como del educando, propiciando la fortaleza de convicciones y la sinceridad con ellos mismos y con los que les rodean.<\/span><\/p><p><strong>Esp\u00edritu de familia<\/strong><\/p><p><span style=\"color: var( --e-global-color-858d374 ); font-family: var( --e-global-typography-dcafdbc-font-family ), Sans-serif; font-size: var( --e-global-typography-dcafdbc-font-size ); font-weight: var( --e-global-typography-dcafdbc-font-weight ); letter-spacing: var( --e-global-typography-dcafdbc-letter-spacing ); word-spacing: var( --e-global-typography-dcafdbc-word-spacing );\">Parte del m\u00e9todo de ense\u00f1anza de Marcelino Champagnat era generar un ambiente familiar donde el alumno es acompa\u00f1ado por su maestro ante sus \u00e9xitos y fracasos; estableciendo principios de honradez, respeto mutuo y tolerancia; respetando la dignidad del educando y solventando las necesidades de cada uno de los implicados en el proceso de ense\u00f1anza.<\/span><\/p><p><strong>Amor al trabajo<\/strong><\/p><p><span style=\"color: var( --e-global-color-858d374 ); font-family: var( --e-global-typography-dcafdbc-font-family ), Sans-serif; font-size: var( --e-global-typography-dcafdbc-font-size ); font-weight: var( --e-global-typography-dcafdbc-font-weight ); letter-spacing: var( --e-global-typography-dcafdbc-letter-spacing ); word-spacing: var( --e-global-typography-dcafdbc-word-spacing );\">Fundamentados en la pedagog\u00eda del esfuerzo, la Escuela Marista pretende ser un ente educativo en la que todos sus miembros, Hermanos,\u00a0 maestros, personal administrativo, personal de servicio y alumnos pongan todo lo que est\u00e1 de su parte para que cada uno sea el art\u00edfice de su propia educaci\u00f3n, que corresponde al legado que nos dej\u00f3 Marcelino Champagnat<\/span><\/p>\t\t\t\t\t\t\t\t<\/div>\n\t\t\t\t<\/div>\n\t\t\t\t<div class=\"elementor-element elementor-element-5408d5d elementor-hidden-tablet elementor-hidden-mobile elementor-widget elementor-widget-image\" data-id=\"5408d5d\" data-element_type=\"widget\" data-e-type=\"widget\" data-widget_type=\"image.default\">\n\t\t\t\t<div class=\"elementor-widget-container\">\n\t\t\t\t\t\t\t\t\t\t\t\t\t\t\t<img decoding=\"async\" width=\"768\" height=\"384\" src=\"https:\/\/escuelamarista.edu.gt\/home\/wp-content\/uploads\/2022\/08\/Logos-Institucionales-Maristas-01-768x384.jpg\" class=\"attachment-medium_large size-medium_large wp-image-3312\" alt=\"\" srcset=\"https:\/\/escuelamarista.edu.gt\/home\/wp-content\/uploads\/2022\/08\/Logos-Institucionales-Maristas-01-768x384.jpg 768w, https:\/\/escuelamarista.edu.gt\/home\/wp-content\/uploads\/2022\/08\/Logos-Institucionales-Maristas-01-300x150.jpg 300w, https:\/\/escuelamarista.edu.gt\/home\/wp-content\/uploads\/2022\/08\/Logos-Institucionales-Maristas-01.jpg 840w\" sizes=\"(max-width: 768px) 100vw, 768px\" \/>\t\t\t\t\t\t\t\t\t\t\t\t\t\t\t<\/div>\n\t\t\t\t<\/div>\n\t\t\t\t\t<\/div>\n\t\t<\/div>\n\t\t\t\t\t<\/div>\n\t\t<\/section>\n\t\t\t\t<section class=\"elementor-section elementor-top-section elementor-element elementor-element-016c0f0 elementor-section-full_width elementor-section-height-default elementor-section-height-default\" data-id=\"016c0f0\" data-element_type=\"section\" data-e-type=\"section\">\n\t\t\t\t\t\t<div class=\"elementor-container elementor-column-gap-default\">\n\t\t\t\t\t<div class=\"elementor-column elementor-col-66 elementor-top-column elementor-element elementor-element-56cbcaa\" data-id=\"56cbcaa\" data-element_type=\"column\" data-e-type=\"column\">\n\t\t\t<div class=\"elementor-widget-wrap elementor-element-populated\">\n\t\t\t\t\t\t<div class=\"elementor-element elementor-element-babc945 elementor-widget elementor-widget-google_maps\" data-id=\"babc945\" data-element_type=\"widget\" data-e-type=\"widget\" data-widget_type=\"google_maps.default\">\n\t\t\t\t<div class=\"elementor-widget-container\">\n\t\t\t\t\t\t\t<div class=\"elementor-custom-embed\">\n\t\t\t<iframe loading=\"lazy\"\n\t\t\t\t\tsrc=\"https:\/\/maps.google.com\/maps?q=Escuela%20Marista&#038;t=m&#038;z=16&#038;output=embed&#038;iwloc=near\"\n\t\t\t\t\ttitle=\"Escuela Marista\"\n\t\t\t\t\taria-label=\"Escuela Marista\"\n\t\t\t><\/iframe>\n\t\t<\/div>\n\t\t\t\t\t\t<\/div>\n\t\t\t\t<\/div>\n\t\t\t\t\t<\/div>\n\t\t<\/div>\n\t\t\t\t<div class=\"elementor-column elementor-col-33 elementor-top-column elementor-element elementor-element-c3ca4a8\" data-id=\"c3ca4a8\" data-element_type=\"column\" data-e-type=\"column\">\n\t\t\t<div class=\"elementor-widget-wrap elementor-element-populated\">\n\t\t\t\t\t\t<div class=\"elementor-element elementor-element-8ea82e4 elementor-widget elementor-widget-google_maps\" data-id=\"8ea82e4\" data-element_type=\"widget\" data-e-type=\"widget\" data-widget_type=\"google_maps.default\">\n\t\t\t\t<div class=\"elementor-widget-container\">\n\t\t\t\t\t\t\t<div class=\"elementor-custom-embed\">\n\t\t\t<iframe loading=\"lazy\"\n\t\t\t\t\tsrc=\"https:\/\/maps.google.com\/maps?q=Liceo%20Guatemala&#038;t=m&#038;z=16&#038;output=embed&#038;iwloc=near\"\n\t\t\t\t\ttitle=\"Liceo Guatemala\"\n\t\t\t\t\taria-label=\"Liceo Guatemala\"\n\t\t\t><\/iframe>\n\t\t<\/div>\n\t\t\t\t\t\t<\/div>\n\t\t\t\t<\/div>\n\t\t\t\t\t<\/div>\n\t\t<\/div>\n\t\t\t\t\t<\/div>\n\t\t<\/section>\n\t\t\t\t<section class=\"elementor-section elementor-top-section elementor-element elementor-element-1dc03e6 elementor-section-boxed elementor-section-height-default elementor-section-height-default\" data-id=\"1dc03e6\" data-element_type=\"section\" data-e-type=\"section\">\n\t\t\t\t\t\t<div class=\"elementor-container elementor-column-gap-default\">\n\t\t\t\t\t<div class=\"elementor-column elementor-col-100 elementor-top-column elementor-element elementor-element-14a72a0\" data-id=\"14a72a0\" data-element_type=\"column\" data-e-type=\"column\">\n\t\t\t<div class=\"elementor-widget-wrap elementor-element-populated\">\n\t\t\t\t\t\t<div class=\"elementor-element elementor-element-69b7adc elementor-widget-divider--separator-type-pattern elementor-widget-divider--view-line elementor-widget elementor-widget-divider\" data-id=\"69b7adc\" data-element_type=\"widget\" data-e-type=\"widget\" data-widget_type=\"divider.default\">\n\t\t\t\t<div class=\"elementor-widget-container\">\n\t\t\t\t\t\t\t<div class=\"elementor-divider\" style=\"--divider-pattern-url: url(&quot;data:image\/svg+xml,%3Csvg xmlns=&#039;http:\/\/www.w3.org\/2000\/svg&#039; preserveAspectRatio=&#039;none&#039; overflow=&#039;visible&#039; height=&#039;100%&#039; viewBox=&#039;0 0 24 24&#039; fill=&#039;none&#039; stroke=&#039;black&#039; stroke-width=&#039;1&#039; stroke-linecap=&#039;square&#039; stroke-miterlimit=&#039;10&#039;%3E%3Cpath d=&#039;M0,6c6,0,0.9,11.1,6.9,11.1S18,6,24,6&#039;\/%3E%3C\/svg%3E&quot;);\">\n\t\t\t<span class=\"elementor-divider-separator\">\n\t\t\t\t\t\t<\/span>\n\t\t<\/div>\n\t\t\t\t\t\t<\/div>\n\t\t\t\t<\/div>\n\t\t\t\t<div class=\"elementor-element elementor-element-ac099fb elementor-widget elementor-widget-heading\" data-id=\"ac099fb\" data-element_type=\"widget\" data-e-type=\"widget\" data-widget_type=\"heading.default\">\n\t\t\t\t<div class=\"elementor-widget-container\">\n\t\t\t\t\t<h2 class=\"elementor-heading-title elementor-size-default\">Enlace relacionados<\/h2>\t\t\t\t<\/div>\n\t\t\t\t<\/div>\n\t\t\t\t<section class=\"elementor-section elementor-inner-section elementor-element elementor-element-6960007 elementor-section-boxed elementor-section-height-default elementor-section-height-default\" data-id=\"6960007\" data-element_type=\"section\" data-e-type=\"section\">\n\t\t\t\t\t\t<div class=\"elementor-container elementor-column-gap-default\">\n\t\t\t\t\t<div class=\"elementor-column elementor-col-50 elementor-inner-column elementor-element elementor-element-1feb2b2\" data-id=\"1feb2b2\" data-element_type=\"column\" data-e-type=\"column\">\n\t\t\t<div class=\"elementor-widget-wrap elementor-element-populated\">\n\t\t\t\t\t\t<div class=\"elementor-element elementor-element-95f9ba8 elementor-widget elementor-widget-image\" data-id=\"95f9ba8\" data-element_type=\"widget\" data-e-type=\"widget\" data-widget_type=\"image.default\">\n\t\t\t\t<div class=\"elementor-widget-container\">\n\t\t\t\t\t\t\t\t\t\t\t\t\t\t\t\t<a href=\"https:\/\/maristas.voilait.com\/login\" target=\"_blank\">\n\t\t\t\t\t\t\t<img loading=\"lazy\" decoding=\"async\" width=\"234\" height=\"148\" src=\"https:\/\/escuelamarista.edu.gt\/home\/wp-content\/uploads\/2022\/07\/Anuncio-web-PROVINCIAL.png\" class=\"attachment-large size-large wp-image-2621\" alt=\"\" \/>\t\t\t\t\t\t\t\t<\/a>\n\t\t\t\t\t\t\t\t\t\t\t\t\t\t\t<\/div>\n\t\t\t\t<\/div>\n\t\t\t\t\t<\/div>\n\t\t<\/div>\n\t\t\t\t<div class=\"elementor-column elementor-col-50 elementor-inner-column elementor-element elementor-element-30692bf\" data-id=\"30692bf\" data-element_type=\"column\" data-e-type=\"column\">\n\t\t\t<div class=\"elementor-widget-wrap\">\n\t\t\t\t\t\t\t<\/div>\n\t\t<\/div>\n\t\t\t\t\t<\/div>\n\t\t<\/section>\n\t\t\t\t\t<\/div>\n\t\t<\/div>\n\t\t\t\t\t<\/div>\n\t\t<\/section>\n\t\t\t\t<\/div>\n\t\t","protected":false},"excerpt":{"rendered":"<p>FILOSOF\u00cdA El estilo educativo marista se fundamenta en una visi\u00f3n verdaderamente integral de la educaci\u00f3n, que busca conscientemente formar valores y evangelizar al estilo de Mar\u00eda. Utilizamos una metodolog\u00eda pedag\u00f3gica peculiar que Marcelino Champagnat y los primeros Maristas iniciaron y que era innovadora en muchos aspectos. Todo parte del pensamiento de Champagnat de que \u00abpara [&hellip;]<\/p>\n","protected":false},"author":4,"featured_media":0,"parent":1788,"menu_order":1,"comment_status":"closed","ping_status":"closed","template":"","meta":{"_monsterinsights_skip_tracking":false,"_monsterinsights_sitenote_active":false,"_monsterinsights_sitenote_note":"","_monsterinsights_sitenote_category":0,"footnotes":""},"class_list":["post-1794","page","type-page","status-publish","hentry"],"_links":{"self":[{"href":"https:\/\/escuelamarista.edu.gt\/home\/wp-json\/wp\/v2\/pages\/1794","targetHints":{"allow":["GET"]}}],"collection":[{"href":"https:\/\/escuelamarista.edu.gt\/home\/wp-json\/wp\/v2\/pages"}],"about":[{"href":"https:\/\/escuelamarista.edu.gt\/home\/wp-json\/wp\/v2\/types\/page"}],"author":[{"embeddable":true,"href":"https:\/\/escuelamarista.edu.gt\/home\/wp-json\/wp\/v2\/users\/4"}],"replies":[{"embeddable":true,"href":"https:\/\/escuelamarista.edu.gt\/home\/wp-json\/wp\/v2\/comments?post=1794"}],"version-history":[{"count":154,"href":"https:\/\/escuelamarista.edu.gt\/home\/wp-json\/wp\/v2\/pages\/1794\/revisions"}],"predecessor-version":[{"id":3442,"href":"https:\/\/escuelamarista.edu.gt\/home\/wp-json\/wp\/v2\/pages\/1794\/revisions\/3442"}],"up":[{"embeddable":true,"href":"https:\/\/escuelamarista.edu.gt\/home\/wp-json\/wp\/v2\/pages\/1788"}],"wp:attachment":[{"href":"https:\/\/escuelamarista.edu.gt\/home\/wp-json\/wp\/v2\/media?parent=1794"}],"curies":[{"name":"wp","href":"https:\/\/api.w.org\/{rel}","templated":true}]}}